c**4. Determine o(-3).
3
Let c(v) = 3 + 31*v - 3 - 4 - 29*v. What is c(7)?
10
Let u(o) = -o**2 - 10*o - 13. Let g be u(-8). Let r(d) be the second derivative of -4/3*d**3 + 0*d**2 - g*d + 0. What is r(-1)?
8
Let x(d) = d + 1. Let a be x(-3). Let v be ((-2 - 1) + 3)/a. Let g(l) = -5*l**2 - l + l**3 + 6 + v*l + 6*l**2. Determine g(0).
6
Let q(m) = 21*m + 11. Let j(p) = 4*p + 2. Let u(f) = -11*j(f) + 2*q(f). Let s be (6/(-9))/(2/(-9)). Calculate u(s).
-6
Suppose -y + 2*y + 2 = 0. Let g(d) be the first derivative of -2*d - 2*d**2 - 2 - d + d**2. Give g(y).
1
Let b(i) = -i**3 - 15*i**2 + 16*i + 3. Let g be b(-16). Suppose 0 = -8*t + g*t + 30. Let x(w) = -w**2 + 4*w - 2. Determine x(t).
-14
Let t(p) = -11*p + p**2 + 0 + 6*p + 1 - 2*p. Determine t(6).
-5
Let q(o) = -4*o**3 + 5*o + 6. Suppose 4*p - 6*a = -11*a + 1, -8 = 5*p - 3*a. Let k(j) = j**3 - j - 1. Let g(d) = p*q(d) - 6*k(d). Give g(-1).
1
Let c(g) = -g**3 - 5*g**2 - 4*g - 1. Let r(a) = -10 - a**2 + 2*a**2 + 19 - 8*a. Let l be r(6). What is c(l)?
-7
Let q(d) = -36*d - 16. Let n = -11 - 0. Let c(w) = 7*w + 3. Let j(o) = n*c(o) - 2*q(o). Calculate j(-1).
4
Let g(f) be the third derivative of f**6/60 + f**5/15 + f**4/6 + f**3/3 - f**2. Suppose 5*a + 0*a - 20 = 0, 3*r - 2*a + 14 = 0. What is g(r)?
-6
Let w(p) be the second derivative of p**4/6 - p**3 + 3*p**2 - 4*p. Calculate w(4).
14
Let h(g) be the first derivative of g**4/4 - 4*g**3/3 - 3*g**2 + 6*g + 17. Determine h(5).
1
Let i(b) = 5*b + 1. Let m(a) = 4*a + 1. Let y(q) = 3*i(q) - 4*m(q). Let g be 3/((-1)/(-2)*-1). Give y(g).
5
Suppose -4*b = -3*l + 2*l - 19, 2*l - 22 = -4*b. Let z(f) = -6*f**2 - f - 2. Let s(r) = 12*r**2 + 2*r + 5. Let m(o) = 3*s(o) + 7*z(o). Determine m(l).
-6
Let t be ((-2)/(-3))/(2/9). Let d(c) = c**2 - 3*c + 1. Let r(z) = -z**2 + 2*z - 2. Let q(m) = t*r(m) + 2*d(m). Determine q(0).
-4
Let m(f) = -9 - 4*f**3 - 3 + 3*f**3 + 5. Give m(0).
-7
Let k(x) = -x**3 + 3*x**2 + 2*x - 2. Let h(p) = -p**3 - p**2 - 2. Let g be h(0). Give k(g).
14
Let m(i) be the first derivative of i**4/2 + i**2 + 5*i - 4. Let u(b) be the first derivative of -b**4/4 - b - 1. Let k(n) = m(n) + 6*u(n). What is k(1)?
-3
Let o(b) = -b - 10. Suppose -z + w - 1 + 0 = 0, -z = -2*w - 3. Let n = z + 0. Determine o(n).
-5
Suppose -u + 4 = -0*u. Let m(f) = 5*f + f - u*f. What is m(3)?
6
Let r(i) be the first derivative of i**3/3 - 5*i**2/2 + 3*i - 6. Calculate r(7).
17
Let r(j) = -20*j**3 - 9*j**2 + 23*j - 32. Let k(v) = 6*v. Let d be k(-1). Let f(c) = -7*c**3 - 3*c**2 + 8*c - 11. Let g(s) = d*r(s) + 17*f(s). What is g(-4)?
-3
Let w(p) = 2 + 2 + 4*p + 6*p - 3*p + p**2. What is w(-4)?
-8
Suppose 10*u - 5*u - 10 = 0, 2*u - 1 = c. Let t = c + -5. Let y(j) = 2*j**3 + 3*j**2 + j - 1. Give y(t).
-7
Suppose -3*u + z + 2*z = 0, -u - 5*z + 12 = 0. Let f be (u + -1)*(-1 - 0). Let v(w) = w**2 + 7*w**2 - 3*w**2 + 1. Give v(f).
6
Suppose m + 16 = 3*m. Let z = -5 + m. Let f(s) = -s**2 + 3. What is f(z)?
-6
Let y(r) = -r**3 - 4*r**2 + 4*r + 7. Let a = -34 - -29. Determine y(a).
12
Let v(h) be the second derivative of -h**3/6 - 3*h**2/2 + 17*h. Calculate v(-5).
2
Let w(h) be the first derivative of -17*h**3/3 - h**2/2 - h + 8. Determine w(-1).
-17
Let x(n) = 4*n + 9. Let w(i) = -i**2 - 8*i - 13. Let r be w(-7). What is x(r)?
-15
Let m(k) = k + 11. Let u(p) = -2*p - 16. Let l(t) = 8*m(t) + 5*u(t). Calculate l(7).
-6
Let j(d) be the first derivative of d**3/3 - d**2/2 - 2*d - 1. Suppose -3*c - b + 12 = c, c - 3*b - 16 = 0. Let i be c/5*5/2. Calculate j(i).
0
Let m(c) = -16*c - 8*c - c**2 + 1 - c**3 + 22*c. Calculate m(-2).
9
Let u(h) = -3*h**3 - 2*h**2 - h. Let b(z) = z**3 + z**2 + z. Let m(a) = -2*b(a) - u(a). Calculate m(1).
0
Let b(a) = 1 + 9*a - 4*a - 6*a + 4. Determine b(5).
0
Suppose -2*k + 3*k = -5. Let p = -4 - k. Let l(d) = 1 + 0 + 2*d**2 + d**2. Calculate l(p).
4
Let j(h) = -4*h - 70. Let q be j(-18). Let p(a) = -2*a**3 - 2*a**2 + a + 2. What is p(q)?
-20
Let v(a) = -a**2 + 5*a + 3. Let d(u) = -3*u**2 + 16*u - 2. Let p be d(5). Calculate v(p).
9
Suppose -b - 5 = -2*t, -t + 3*t - 11 = -b. Let x(z) = t - 8 + z + 2 + 0*z. Determine x(0).
-2
Let q(x) = 5*x + 3. Let i be q(-4). Let b = -21 - i. Let r(c) be the first derivative of c**3/3 + 3*c**2/2 - c - 1. Give r(b).
3
Let t(m) = m**3 - 20*m - m**2 + 17*m + 1 - 5. Give t(3).
5
Let w = 9 - 5. Let c(l) be the third derivative of l**6/120 - l**5/20 - l**4/8 - l**3/3 - l**2. Determine c(w).
2
Let n(t) = 3 - 2*t + 4 - 7. Let o(c) = c**3 - 4*c**2 - 4*c + 2. Let u be o(5). Suppose 3*j + 2 = g, -2*j - 5*g + 20 = -u*j. Give n(j).
-2
Let q(p) = p - 1. Let j(l) = -12*l - 2. Let t(s) = j(s) - q(s). Determine t(-1).
12
Suppose -2*b + 5 - 1 = 0. Let i be -2 + b - -73 - 1. Let j be 6/(-10) + i/20. Let c(x) = x**3 - 3*x**2 + 3*x - 3. What is c(j)?
6
Let j(r) = 4*r - 5. Let g be j(3). Let y(m) = m. Give y(g).
7
Let c(s) = -2*s + 13. Let z be c(11). Let f(h) = h + 10. Give f(z).
1
Suppose h + h + 14 = 2*a, -5*a = h - 17. Suppose -3*x + a*f - 31 = -7, -2*f + 18 = -3*x. Let y(j) = 4*j**2 + j**3 + 40 - 2*j - 41 + 0*j. What is y(x)?
7
Let w(d) = d**3 + 4*d**2 - 3*d - 6. Let x be w(-4). Let h(i) = 1203 + 8*i + i**3 - 1202 - 4*i - 7*i**2. Calculate h(x).
-11
Suppose -4*i + 2*i + 32 = 0. Let n be 2/3 + i/12. Let j(b) = -b**3 + b**2 - 2*b - 1. Let p(w) = -w**3 - w**2 - w - 5. Let d(h) = -2*j(h) + p(h). Calculate d(n).
-1
Let t(r) = r**3 - 8*r**2 + 5*r - 4. Let c(f) = -f**2 - f - 1. Suppose 5*s - 5 = -0. Let o(a) = s*t(a) - c(a). Determine o(6).
-3
Let w = 3 + -5. Let x(f) = -f**3 + 4*f**2 - f - 2. Let c be x(3). Let a(d) = -d - d + d**2 - c + 3. What is a(w)?
7
Let x be 0 - 0 - (-6)/3. Let a(z) = 4 + x - z + 0*z. Let j(f) = 4*f**3. Let k be j(1). What is a(k)?
2
Suppose 12 = -q + 14. Let c(r) = -1 - 6*r**2 + 0 + 4 - 3*r + 7*r**q. What is c(3)?
3
Let s(g) = -g**2 - 6*g - 4. Suppose 2*q - 50 = -3*q. Let b = q + -15. Calculate s(b).
1
Suppose -t + 5*n + 17 + 0 = 0, -2*n - 6 = 0. Let s(g) = -2*g + g + 2*g - t. Suppose u - 2*x - 16 = x, 5*u = x + 24. What is s(u)?
2
Let u(j) = -7*j**2 - 5*j + 6. Let d(o) = -7*o**2 - 4*o + 5. Let k(l) = 5*d(l) - 4*u(l). Let b(w) = -w**2 + w + 1. Let y be b(0). Give k(y).
-6
Suppose 0 = -5*v - 3*c - 22 - 98, -5*v - 115 = 2*c. Let p = v + 14. Let y(l) = -l**2 - 6*l + 7. Let a be y(p). Let o(n) = -n**3 + n - 5. Give o(a).
-5
Let m(f) = 4*f - 22. Let g(x) = 2*x + 15. Let j(w) = w. Let c(y) = -g(y) + 5*j(y). Let o(t) = -7*c(t) + 5*m(t). Calculate o(-4).
-1
Let t(u) be the first derivative of 0*u - 1/120*u**5 + 0*u**2 + 2/3*u**3 - 1/6*u**4 + 2. Let z(h) be the third derivative of t(h). Determine z(5).
-9
Let s = 3 + -6. Let d be 6/s*(-2)/1. Let c(h) = -2*h + 0*h**2 + d*h**2 - 3*h**2. Calculate c(3).
3
Suppose 5*l - 1 - 14 = 0. Let t(w) = -3*w + 4. Determine t(l).
-5
Suppose -f + z = 3*f + 21, -3*f - 11 = 4*z. Let i(y) = -5 + 0*y + 2*y - 3*y. Give i(f).
0
Suppose 4*j + j + 45 = -5*u, -3*u + 8 = -4*j. Let b(x) = x**3 - 4*x**2 - 4*x - 2. Let i be b(5). Let v(a) = -a + 4 + 0 - i. Determine v(u).
5
Let v(x) = x**2 + 8*x + 6. Suppose -5*y + 105 = r, 2*r - 65 = -3*y + r. Suppose 0 = -b - 0*b + 2. Suppose -2*s - y = b*s. Give v(s).
-9
Let p(s) = -s + 1. Suppose 8*w + 25 = -15. Give p(w).
6
Suppose i = 2*u - 1, -4*i + 31 = i + 2*u. Suppose -4*m - 10 = 2*q, 4*q + 15 = 4*m - i. Let r be (4/q)/((-2)/15). Let s(a) = -a + 4. What is s(r)?
-2
Let s(x) be the second derivative of -x**5/20 + x**3/6 - 7*x**2/2 + 5*x. Give s(0).
-7
Let c(w) = -w - 9. Let t be 0/4 - 1*3. Let s = 5 + t. Suppose -z = 4*n + 23, 3*n - n + 4 = s*z. Give c(n).
-4
Let l(h) = 8*h**3 - h**2 + h - 1. Suppose 3*s = w + 5*s - 3, -w + s = 0. Determine l(w).
7
Suppose 1 = -a, 0 = 4*v - 4*a + 6 - 22. Suppose -i - 3 = -2*i. Let h = v - i. Let p(l) = l - 7. Give p(h).
-7
Let y(j) = 2*j + 12. Let p(b) = -2. Let w(q) = 14*p(q) + 2*y(q). Give w(-4).
-20
Let p(u) = 2*u - 1. Let q(o) = 4*o**2 + 8*o + 2. Let h(z) = 3*z**2 + 7*z + 2. Let g(d) = -5*h(d) + 4*q(d). Let i be g(4). What is p(i)?
3
Let q = 17 - 14. Let b = 18 - 6. Suppose -b = -h - q*h. Let k(s) = -s**3 + 4*s**2 - 2*s + 3. What is k(h)?
6
Let r(v) = -7*v**3 + 2*v**2 - 4*v - 9. Let p(k) = 8*k**3 - 2*k**2 + 5*k + 10. Let c(x) = -6*p(x) - 7*r(x). What is c(3)?
6
Suppose -b = -6*b + 40. Suppose b*r = 3*r - 20. Let l(n) = -n**3 - 